7. Let w(a) = -3 + 3*a + 3*a - 12 - b. What are the prime factors of w(9)?
29
Let c(f) = f**2 + 6*f - 2. Let u(g) = 2*g**2 - 3. Let x be u(-4). Let b = -24 + x. What are the prime factors of c(b)?
53
Suppose 3*j + 2*x + 18 = 4*j, 3*j = -2*x + 30. Suppose 0 = -j*r - 11*r + 6647. List the prime factors of r.
17
Suppose -5*j = 16*j + 5*j - 568256. List the prime factors of j.
2, 683
Let u = -4244 + 8772. What are the prime factors of u?
2, 283
Let o(b) = 159*b**2 + 24*b - 128. What are the prime factors of o(-8)?
2, 7, 11
Let b(x) = -x + 38. Let t be b(22). Let i(l) = -l**2 + 16*l + 9. Let u be i(t). Suppose -12*y = -u*y - 114. List the prime factors of y.
2, 19
Let z(o) = 235*o**2 - 22*o - 15. Let s(i) = 2. Let m(l) = 5*s(l) + z(l). What are the prime factors of m(-2)?
11, 89
Suppose -2*p = 10, -4*s + 0 = -2*p - 2. List the prime factors of -2 - (6 - 272) - s*2.
2, 67
Suppose 14*i - 706 = -160. Suppose 37*w - i*w = -5*n + 2855, 0 = 4*n - 5*w - 2267. What are the prime factors of n?
3, 191
Let g(b) = 83*b**2 + 26*b + 73. What are the prime factors of g(-9)?
2, 17, 193
Let u = -118 - -130. Let l = -25 + u. Let d(t) = -t**3 - 13*t**2 - 11*t - 18. What are the prime factors of d(l)?
5
Let x(d) = -d**2 - 10*d - 12. Let q be x(-8). Suppose -2*c + q*m = m + 57, -4*m = -20. What are the prime factors of (12*(-1)/c)/((-4)/(-14))?
2
Let h(b) = -36*b + 354. Let p be h(20). Let g = -223 - p. List the prime factors of g.
11, 13
Let a be (-10 + 240/25)/((-4)/50). Suppose -5*n = -m - 3422, 9*n - a*n - 2734 = -m. List the prime factors of n.
2, 3, 19
Suppose -105*d - 1353 = -108*d. Let g = d - 256. What are the prime factors of g?
3, 5, 13
Let f(d) be the first derivative of -d**4/4 - 23*d**3/3 - 13*d**2/2 + 24*d - 22. What are the prime factors of f(-23)?
17, 19
Let u(x) = 11016*x - 294. List the prime factors of u(5).
2, 3, 23, 397
Let v be 74/3 - 2/3. Suppose -6 = 3*b - 4*b. Let d = b + v. What are the prime factors of d?
2, 3, 5
Let r(h) = -5063*h + 2122. What are the prime factors of r(-4)?
2, 3, 11, 113
Suppose 2*b - 272 = -4*d, 0 = -4*b - 31*d + 26*d + 559. Suppose 4*f = 266 + b. List the prime factors of f.
103
Suppose 1022*x - 4*a = 1017*x + 26606, -4*a = -4*x + 21288. What are the prime factors of x?
2, 2659
Let k = 21712 + -13713. Suppose k - 34587 = -34*f. What are the prime factors of f?
2, 17, 23
Suppose -z = -35*w + 33*w - 14335, 2*z + 5*w = 28625. List the prime factors of z.
3, 5, 191
Suppose 38 = -2*l + n - 44, -4*l - 4*n = 176. Let f be (-2 - 1/4)/(l/112). List the prime factors of 202 - 3/(-6)*f.
5, 41
Suppose 8204 = 8*o - 22*o. Let r = o + 1053. List the prime factors of r.
467
Suppose 83 + 72 = 31*o. Suppose -o*b = -0*b + 5*v - 2185, -3*b = 2*v - 1312. What are the prime factors of b?
2, 3, 73
Suppose -10364 = -3*n + 4270. List the prime factors of n.
2, 3, 271
Suppose 2 + 6 = 4*l. Let p be (6 - 2) + (-2)/l. Suppose -p*c - 7 = -31. What are the prime factors of c?
2
Suppose 44*b - 41*b = 612. Let w = 429 - b. What are the prime factors of w?
3, 5
What are the prime factors of 23/(-92)*12 - (1 + -5125)?
3, 569
Let t(n) = 4*n**3 + 19*n**2 - 7*n + 1. Let s(p) = p**3 + p**2 + p + 1. Let c(q) = -5*s(q) + t(q). Let g be c(13). List the prime factors of -7 + g - (-43 - 2).
47
List the prime factors of ((-132)/10)/(21/(-630)).
2, 3, 11
Let r = -11 - -3. Let a = 1 + r. List the prime factors of -2 + a/(28/(-296)).
2, 3
Suppose 15*h - 7143 = 3222. Let c = 1401 - h. List the prime factors of c.
2, 5, 71
Suppose 6*b = -2*c + 11*b + 6694, -5*b = 3*c - 10016. List the prime factors of c.
2, 3, 557
Let d be (17/(-7) - -2) + 228/42. Suppose 1632 = 3*v + d*v. What are the prime factors of (16/6)/(17/v)?
2
Let f = 872 - 1973. Let p = -719 - f. What are the prime factors of p?
2, 191
Let p(o) = 1113*o + 209. List the prime factors of p(13).
2, 41, 179
Let d(y) = y**2 - 32*y - 19. Let o be d(34). Suppose o - 419 = -5*c. List the prime factors of c.
2, 37
Let x = 7327 - 5123. Suppose 13*v = 32*v - x. What are the prime factors of v?
2, 29
Let j be (5 - 132/30)*15. Let y be (-3)/j*(-1 + 2)*3. List the prime factors of (3 + y)*((-294)/(-4) - -2).
151
Let b(k) = 6762*k**2 + 24*k + 1. What are the prime factors of b(1)?
11, 617
Suppose -d - 1639 = 4*f, 0 = -0*f - f - 4*d - 391. Let o = 796 + f. List the prime factors of o.
5, 7, 11
Suppose 5*o + 9*q - 1956 = 7*q, -3*o + q + 1167 = 0. Suppose -4*r = 3*c - 292, 4*c + 6*r - o = r. What are the prime factors of c?
2, 5
Suppose 7*z = 31 + 109. Let h = z - 16. Suppose -b = h*f - 260 - 365, 3*f - 464 = 4*b. What are the prime factors of f?
2, 3, 13
Let n(r) = r**2 - 24*r + 82. Let l be n(20). Suppose -4*w + 477 = -l*w - 5*x, 2*w - 517 = -3*x. List the prime factors of w.
251
Suppose 0 = -33*r + 12*r + 21420. Suppose 3*b + i - 2*i = 11, 3*i - 12 = 0. List the prime factors of (3/(-2))/(b/r*-2).
3, 17
Suppose -11*d - 12558 = -4*d. Let a = -1252 - d. List the prime factors of a.
2, 271
Let w = 99 + -99. Suppose -4*h = -2*i + 48, -h - 2 = -3*i - w. Let g(c) = -2*c + 9. What are the prime factors of g(h)?
37
Let q(n) = 2*n**3 + 10*n**2 + 8*n + 4. Let j be q(-4). Suppose j*w - 7 - 1 = 0. Suppose -4*x = -4*k - 56, -7 - 7 = -x - w*k. List the prime factors of x.
2, 7
Let a be 1/4 + 279/36. Let i be (-3)/(-6) - (-3 - 5252/a). List the prime factors of (i/45)/(4/18).
2, 3, 11
Suppose y = -4*t + 189339, -954*t + 952*t + 5*y = -94719. What are the prime factors of t?
3, 31, 509
Let a(m) = 12015*m**3 - m**2 - 2*m + 3. List the prime factors of a(1).
3, 5, 89
Let o(k) = 3*k**3 - 4*k**2 + 2*k + 3. Let t be o(2). Suppose t*y - 792 = 11*y. What are the prime factors of y?
2, 3, 11
Let b be 4950/126 + (-2)/7. Suppose b*i - 45*i = -4326. What are the prime factors of i?
7, 103
What are the prime factors of (1*14)/((-79)/(-25991)) - 4?
2, 3, 13, 59
Suppose 69042 = 60*w - 56538. What are the prime factors of w?
7, 13, 23
Let t(k) = -k**3 - k**2 - k - 10. Let n be t(0). Let m(f) = f**2 + 8*f - 20. Let r be m(n). Suppose r = 3*w - 8*w + 755. List the prime factors of w.
151
Let u(a) = -a**3 - 32*a**2 - 31*a + 4. Let l be u(-31). Suppose -s = -3*p - 1233, 0 = l*s - 0*p + 5*p - 4898. List the prime factors of s.
3, 409
Suppose -4*h - 39*h + 781603 = -12*h. List the prime factors of h.
19, 1327
Suppose 0 = -25*w + 15*w - 25*w + 54775. What are the prime factors of w?
5, 313
Suppose 42 = 22*g - 2. Suppose -g*f = -7*j + 2*j - 2409, 1207 = f - 5*j. List the prime factors of f.
2, 601
Suppose -4*q + 871 = -5*y, -4*q + 4*y + 868 = -0*y. Let r = 838 - q. Suppose 17*p + r = 21*p. List the prime factors of p.
2, 3, 13
Let m = 17 + -14. Let n(o) = 12*o - 91. Let d be n(8). Suppose -d*h = 2*g - 795, h - m = -4*g + 174. List the prime factors of h.
157
Let g = -76 - -319. Let f(q) = -13*q + 715. Let v be f(55). Suppose -6*j - g + 771 = v. List the prime factors of j.
2, 11
Suppose -19*u - 4374 = -25*u. Suppose -1953 = -8*y - u. List the prime factors of y.
3, 17
Let o(g) = 450*g**2 - 198*g - 1698. List the prime factors of o(-9).
2, 3, 6089
Let v = 31 - 10. Suppose -3*l + 4*i - i + v = 0, -3*l - i = -5. Suppose -5*k + 372 = l*s, 3*s + 3*k = k + 381. List the prime factors of s.
3, 43
Suppose -545 = 383*t - 388*t. Let x = t + -72. List the prime factors of x.
37
Suppose 27*a = 264390 + 766038. What are the prime factors of a?
2, 7, 29, 47
Let a be (4/(-14))/(14/(-1666)). Let v = a - 19. Suppose 7*b - v = 97. List the prime factors of b.
2
Let l = -980 - -2299. Let t = l + -941. What are the prime factors of t?
2, 3, 7
Suppose -w - 5*w = 0. What are the prime factors of (-12)/30 - (17610/(-25) + w)?
2, 11
Let r be (-84)/(-15) + 8/20. Suppose -25 = 5*u, -19*u + 18*u - 5 = -2*m. Suppose -q - 2*f = -r*f - 64, m = 2*q - 3*f - 113. List the prime factors of q.
2, 13
Let f = -17 - -19. Let a(d) = 0*d**f + 2*d + 5*d - 2*d + 2*d**2 + 4. What are the prime factors of a(5)?
79
Let h = -22557 - -30402. What are the prime factors of h?
3, 5, 523
Suppose 0 = 41*n - 46*n - 11350. What are the prime factors of (-60)/(-180) + n/(-3)?
757
Let n = -468 - -470. Suppose c - 638 = -2*r, -5*c + n*r = -2*c - 1954. List the prime factors of c.
2, 3
Let h be (-9058)/70 - (-3)/(-5). Suppose -3*u + d = 2*d + 650, -1088 = 5*u + 4*d. Let v = h - u. List the prime factors of v.
2, 43